/(-2)*(-119 + p)?
8
Let d be (-15)/(-2 - 3) - -36. Suppose 4*j = -5*c + j + d, -3*c = 3*j - 27. What is the units digit of c?
6
Let i = 199 - 58. What is the hundreds digit of i?
1
Suppose -25*c + 3*c = -13024. What is the units digit of c?
2
Let i = -83 + 83. Suppose -2*b + 180 + 118 = i. What is the hundreds digit of b?
1
Suppose -4*w + 66 + 170 = 0. Suppose 0 = c - w - 194. Suppose -2*s = -4*b + 218, -4*b + c = 5*s - 0*s. What is the tens digit of b?
5
Let x(u) = -6*u - 38. Let p be x(-7). Suppose -9 = -0*b - 3*b. Suppose 0 = p*f - b*f - 3. What is the units digit of f?
3
Suppose 3*t + 75 - 261 = 0. Let i = t - 5. What is the units digit of i?
7
Let h = -1643 + 3564. What is the units digit of h?
1
Suppose -70*x + 51*x + 49039 = 0. What is the tens digit of x?
8
Let k be ((-1)/2)/(3/(-1344)). Suppose 8*o - 199 = 473. Suppose k = 4*v + o. What is the units digit of v?
5
What is the tens digit of (-19023)/(-34) + 1/(-2)?
5
Suppose -116 = -2*v + 5*y, -2*v - 84 = -3*v - 4*y. Suppose 0*f + 5*f = 0. Suppose f = -3*s + 37 + v. What is the tens digit of s?
3
Suppose -434 = -0*n + 2*n - 2*s, 0 = -n + 4*s - 226. Let v = -106 - n. What is the tens digit of v?
0
Suppose k + 3*x + 1 = 0, 0*k - 4*x = -2*k - 22. Let a(t) = t**2 + 7*t + 3. Let w be a(k). Suppose 3*b - w*o + 12 = 6*b, -6 = 2*o. What is the units digit of b?
7
Let p(y) = -3*y**3 + 2*y**2 + 17*y + 1. Let m(c) = c**3 - c**2. Let a(i) = 2*m(i) + p(i). What is the hundreds digit of a(-6)?
1
Let r(f) = 181*f**3 + f**2 + 2*f - 18. What is the tens digit of r(3)?
8
Let o = -11 - -12. Let c(n) = -n**2 + 9*n + 9. Let v(m) = -m - 1. Let z(y) = o*c(y) + 5*v(y). What is the units digit of z(4)?
4
Suppose -2 = 5*g - 3*p - 9, 4*p - 14 = -5*g. Suppose 5*l - 4*c - 330 = 0, c - 2*c + 119 = g*l. What is the units digit of l?
2
Suppose -16*x + 14*x = 18. Let q be x - (-4)/(-8)*-8. Let k = 3 - q. What is the units digit of k?
8
Let d(h) = h + 29. Let y be d(-24). Suppose -y*r + 2 = -n + 8, n = 2*r + 18. What is the tens digit of n?
2
Let s(z) = z**2 + z - 426. Let f be s(0). Let u = f - -598. What is the units digit of u?
2
Let a = 1035 + 38. What is the units digit of a?
3
Let c(s) = -14*s**2 + 2*s + 2192. What is the thousands digit of c(0)?
2
Suppose -5*d + 5 - 30 = 0. Let a(z) = -2*z + 1. What is the units digit of a(d)?
1
Suppose 0 = -2*b - 3*b + 3*g + 20, -5*b - 4*g = 15. What is the tens digit of b/(2/(-176)*-4)?
2
Let g = -24 + 26. Suppose 0 = 4*r - 2*o - 606, -4*o = g*r - 180 - 98. What is the hundreds digit of r?
1
Let f(j) = 15*j - 5. What is the hundreds digit of f(17)?
2
Let r(y) = 3*y**3 - y**2 - 4. Let q = -46 - -49. What is the tens digit of r(q)?
6
Let z(b) = -17*b + 132. What is the tens digit of z(-6)?
3
Let c(p) = p + 8. Let b be c(-6). Let f(t) = 0*t**2 + 3*t**b + 2 - 1. What is the tens digit of f(2)?
1
Let v(s) = s**2 + s + 151. Let j be v(0). Suppose 0 = 9*g - 4*g - 15. Suppose g*y + 2*t - 73 = -0*y, 0 = -5*y + 4*t + j. What is the tens digit of y?
2
Let t(x) = -2*x**2 + 3*x - 6*x**2 - 125*x**3 + 124*x**3 - 6. What is the tens digit of t(-9)?
4
Suppose -2*f + 3*q = -9, 0*q - 4*q = 2*f + 26. Let w = f - -6. Suppose -2*v + 14 = 2*l, 5*l = -0*v - w*v + 25. What is the units digit of v?
5
Let h = 871 - -14. What is the units digit of h?
5
Let s(l) = -22 + 1 + 1092*l - 1079*l. What is the units digit of s(14)?
1
Let m = 52 - 62. Let j = m + 30. What is the tens digit of j?
2
Suppose 0 = 2*c - 6, -2*h + 4*c - 3*c = -153. Suppose -2*d - 4*u = -h, -d = 3*d - 3*u - 134. What is the tens digit of 1*d + -2 + -1?
3
Let r(q) = -q**3 + 9*q**2 - 7*q + 2. Let m be r(8). Let o be (-2)/m + 14/70. Suppose 2*i - 6 = o, 2*f - 138 + 45 = 5*i. What is the tens digit of f?
5
Let c(s) = -s**3 - s**2 + 13. Let b be c(0). Let k = 6 + b. Let d = k - 4. What is the tens digit of d?
1
Let x = -154 + 159. What is the units digit of x?
5
Let y(s) = 6 - 4 - s + 3. Let m be y(5). Suppose i - 27 = -3*d, 3*d = -5*i - m*d + 111. What is the tens digit of i?
2
Suppose 0*s = 5*j - 3*s - 10773, 0 = 5*j - s - 10771. What is the hundreds digit of j?
1
Suppose -4*u = -4019 - 861. What is the units digit of u?
0
Let a(s) = -230*s + 6. Let v be a(8). What is the units digit of (1 + -2 + 4)*v/(-21)?
2
Suppose -6 = 2*i, -3*i - 8 - 1 = 4*d. What is the units digit of 17/1 - -4 - d?
1
Suppose 5*u = s - 437, -4*s + 2*u - 1682 = -8*s. What is the units digit of s?
2
Suppose -4*k = -31 + 23, -4*z = -4*k - 832. What is the tens digit of z?
1
Suppose -64*l - 67*l + 431907 = 0. What is the tens digit of l?
9
Let y(t) be the first derivative of t**4/4 - t**3/3 - t**2 + 2*t + 2. Let b be y(3). Suppose 3*s = 2*s + b. What is the tens digit of s?
1
Suppose -3*f - 15 = 0, -y + 3*y = -5*f + 3129. What is the tens digit of y?
7
Let a(q) = 92*q - 589. What is the units digit of a(14)?
9
Let g = 117 - -18. What is the units digit of g - (-3 + 0)*14/(-21)?
3
Let q = -512 + 864. Let s(w) = w**3 + w**2 - w + 4. Let l be s(0). Suppose 80 = c + i, -c = 3*c - l*i - q. What is the units digit of c?
4
Suppose 0 = -3*b + 5*t - 11, 4*t = 3*b - 5 + 12. Suppose b*k = 7*k - 40. What is the tens digit of k?
1
Let p(a) = 18*a**2 - 11*a - 7. What is the tens digit of p(-4)?
2
Suppose 131 = 2*z - 77. Suppose z = 4*t + 4. Let y = -15 + t. What is the units digit of y?
0
Suppose -5*n + 4*b - 270 = 0, 2*b + 3*b = n + 54. Let o = n - -71. What is the units digit of o?
7
Let t be ((-3)/(-3) + 38)*-3. Let m = t - -230. What is the tens digit of m?
1
Let x be (32/6)/(10/15) - 3. What is the hundreds digit of 283/2 - x/10?
1
Let n(o) = 2*o**3 - 5*o**2 + 5*o - 2. Let r be n(4). Let a = r - 99. Let s = a + 56. What is the units digit of s?
3
What is the units digit of (6 - -24)*((-2665)/15)/(-1)?
0
Let l(n) = 2*n**2 - 6*n - 5. Let f be l(4). Suppose -4*z + f*z - 5*p - 37 = 0, 0 = -5*z - 5*p - 145. Let a = 0 - z. What is the tens digit of a?
2
Suppose -k + 99 - 750 = -2*s, -s - 3*k = -322. What is the units digit of s?
5
Let d = 3 + 2. Suppose -v - 4*y - 320 = -d*v, 0 = -4*y. What is the units digit of v?
0
Let q(p) = 2*p**2 - 31*p. Let s be q(24). Suppose 0 = 4*u + 4*b - 523 - 233, 4*b = 2*u - s. What is the tens digit of u?
9
Let v be (-2)/(-9) + (3 - (-2444)/18). Let x = v - 39. What is the tens digit of x?
0
Let s(t) = t**3 - 29*t**2 - 34*t + 57. What is the hundreds digit of s(32)?
0
What is the units digit of (-1 - (-9)/6) + (-282)/(-4)?
1
Let x(c) = c**3 - 34*c**2 - 28*c + 1. What is the tens digit of x(36)?
8
Let z = -3545 - -7997. What is the hundreds digit of z?
4
Suppose 5*y + 2 + 8 = 5*n, 4*n - 26 = -2*y. Suppose -c - y*c - h = -5, 0 = -3*c - 2*h. Suppose -5*a + 57 = -c*a. What is the tens digit of a?
1
Let y(i) = -2*i + 35. Let c be y(0). Let s = 4 - c. Let n = s + 60. What is the units digit of n?
9
Let l be (-3)/(-2) + (-6)/(-4). Suppose -3*p = -2*p + 5*y - 113, -l*p - 3*y = -291. Let q = p - 64. What is the tens digit of q?
2
Let b(u) = -u - 23. Let j be b(-10). Let f = 14 + j. What is the units digit of f*-1*(14 - 19)?
5
Suppose 4*a = -a - 20. What is the tens digit of 393*((-3)/(-6))/((-6)/a)?
3
Let o = 10 - 9. Suppose a = -o + 2. What is the units digit of a + -1 - (3 + -5)?
2
Let v(j) = -33*j - 34. What is the units digit of v(-2)?
2
Let k(g) = -2*g - 8. Let a be k(-5). Suppose 2*x + a*q = 10, 0 = -x - 2*q - 3*q + 13. Suppose 8*c - 275 = x*c. What is the units digit of c?
5
Let j(z) = 6*z + 1042. What is the hundreds digit of j(60)?
4
Let u(q) = -q**3 + q**2 - q. Let r(d) = 5*d**3 + 5*d - 2. Let l(n) = r(n) + 6*u(n). Let k be l(4). Let j = k + 30. What is the tens digit of j?
5
Let g = 171 - 92. Let c be g - 0 - (-1 + 1). Suppose -2*t - 21 = -c. What is the units digit of t?
9
Suppose 880 = 12*g - 200. Let q = -77 + 133. Let n = g - q. What is the units digit of n?
4
Suppose -2*o + 4*k + 1 = 3*k, 5 = -5*o - 5*k. What is the units digit of (276/8 + o)*(9 + -7)?
9
Suppose 0 = 12*i - 2654 - 5962. What is the tens digit of i?
1
Suppose 3*m = m - 2*q + 434, m - 213 = -5*q. What is the units digit of m?
8
Suppose 0 = -23*g + 18*g + 45. Suppose -13*n + 316 = -g*n. What is the tens digit of n?
7
Suppose 10*h - 62803 = -11393. What is the tens digit of h?
4
Suppose 5*w = 4*r - 4156, 2591 = 4*r - 4*w - 1569. What is the units digit of r?
4
Suppose -16 + 73 = -3*j